Determine o(-7).
1
Suppose -5*c = 0, -4*h + 3*c - 5*c + 24 = 0. Let z(q) = -6 + 9 + 7 + q**2 - 16*q + h*q. Give z(8).
-6
Let l(x) = x**3 + 5*x**2 - 6*x - 7. Let r be 4 + 1/(-4) + (-2)/(-8). Suppose r*s - 2*w + 32 = 2*w, -4*s + 3*w - 30 = 0. Calculate l(s).
-7
Let u(h) be the third derivative of -h**5/60 + h**4/3 - 7*h**3/6 - h**2 - 113. Give u(6).
5
Let n be ((-40)/6)/(6/(-9)). Let d = n - 8. Let i(w) = -1 - 85*w**d - 7 + 84*w**2. Give i(0).
-8
Let n(b) = -5 - 3 - b + 2*b. Let i be (-4)/(-8) - ((-5)/2)/(-5). Calculate n(i).
-8
Let w(d) = d**2 - 3. Let l be w(-5). Let p = -21 + l. Let g(v) = p + 2*v + 4*v + 2. Determine g(-2).
-9
Let g(q) = 2*q - 1. Suppose -108 = -4*n + 4. Suppose -4*j - n + 24 = 0. What is g(j)?
-3
Let v be (-19)/(-7) + (-38)/(-133). Let d(j) = 19*j**3 - 1 - 13*j**v - 8*j**2 - 7*j**3 - 8*j. Give d(-7).
6
Let n(s) = -s**2 - 8*s - 8. Let h be 2/14 + (-10)/70. Suppose k + h*k = -6. Calculate n(k).
4
Suppose 0*x = 5*x - 10. Let q = -24 + 26. Let f(b) = -58*b + 56*b + 5 - q. Give f(x).
-1
Let i(m) = -6*m - 2. Let w be (-3 - -2)/(1/(-15)). Let h(z) = z**3 - 14*z**2 - 14*z - 18. Let o be h(w). Let k = -6 - o. Determine i(k).
16
Let k(t) = -3*t**2 + 0*t**3 + 36 - t**3 + 35 - 111 + 36. Give k(-5).
46
Let x = 99 + -100. Let g(b) = 2*b. Calculate g(x).
-2
Let l(p) = p**3 - 3*p**2 + 2*p + 3. Let q = -558 - -561. Determine l(q).
9
Let o be (3 + 0)*2/(6/9). Suppose o*v + 24 = -3. Let p(g) = -g**2 - 2*g + 3. What is p(v)?
0
Let a(g) = -4*g**2 + 6*g - 5. Let h(d) = -2*d**2 - 2*d**2 + 99 - 103 + 5*d. Let z(j) = 4*a(j) - 5*h(j). Determine z(1).
3
Let c = -13 + 9. Let s(l) = 3 - 212*l - 211*l - 4 + 422*l. Give s(c).
3
Suppose -5*y = -3 + 8. Let q(p) = p + 6. Let r(v) be the first derivative of v**3/3 + v**2/2 + 5*v + 2. Let a(m) = -4*q(m) + 5*r(m). Determine a(y).
5
Let r(m) = 2*m - 4. Suppose -3082 = 10*a - 3172. Calculate r(a).
14
Let r(i) = -i + 1. Let u(m) = -5*m - 4. Let x(f) = 55*f + 45. Let d(c) = -45*u(c) - 4*x(c). Let a(b) = d(b) + 4*r(b). Determine a(-6).
-2
Let h = -12 + 10. Let a(u) = -3*u + 8. Let q(k) = 3*k**3 - k**2 - 2*k - 1. Let s be q(-1). Let x(j) = 4*j - 9. Let z(n) = h*x(n) + s*a(n). Give z(5).
-1
Let s(g) = -g**3 + g**2 + g + 3. Let a(c) = -4*c + 15. Let f be a(6). Let q = f - -9. Calculate s(q).
3
Let x(a) = 13*a + 1. Let m = 1409 - 1411. What is x(m)?
-25
Let x(k) = k**2 - k. Let a(q) = q**2 - 9*q + 17. Let y be a(9). Suppose -l + 21 = y. Calculate x(l).
12
Let a(w) = 3*w**2 - w**2 + 4*w**2 - w + 0*w - 1. What is a(-1)?
6
Let s(d) be the third derivative of -1/120*d**6 + 0*d + 1/24*d**4 + 11/6*d**3 + 0 - 3*d**2 + 0*d**5. Suppose 112*q = 115*q. Determine s(q).
11
Let o(t) be the second derivative of t**5/20 + t**4 - t**3/3 - 8*t**2 + 628*t. Determine o(-12).
8
Let r(p) = -p**2 + 7*p + 12. Let d = 516 + -507. Calculate r(d).
-6
Suppose 5*l - 9 = -2*a + 6*a, 2*a + 3 = l. Let v(d) = 5*d**3. What is v(l)?
5
Let x be ((-1)/2)/((-20)/2360). Let t(i) = 54*i**2 - 116*i**2 - 3*i + i**3 + x*i**2 + 1. What is t(4)?
5
Let n(k) = -8 + 5*k + 8 - k**2. Let z(v) = -v**2 - 11*v + 16. Let i be 4/(-12) + 70/(-6). Let d be z(i). What is n(d)?
4
Suppose -a = 3*a - 80. Let v = a - 17. Suppose 5*z = 2*g - 21, 2*z - 5*g - v = -24. Let u(s) = -s**3 - 4*s**2 + s + 2. Calculate u(z).
-10
Suppose 2*g - 8 = -2*d, 2*d - 2*g = -3*d + 27. Let h(u) = d*u - 5 + 2*u - 8*u. Calculate h(-4).
-1
Let m(l) = -l**3 - 2*l**2 - 3. Let x(f) = 8*f**2 - f. Let s be x(-1). Suppose 5*c + 45 = 5*n, 0 = -3*n + 2*c + 31 - 1. Let i = s - n. Calculate m(i).
6
Let f(o) = o**3 - 4*o**2 - 7*o + 6. Let v be 10*(-2)/(-20)*6. Suppose -32 = -v*c + 4*c. Suppose 4*i - s - 12 - 7 = 0, 3*i - c = -s. Calculate f(i).
-4
Suppose 4*r = -2*r - 66. Let p be -1 - (-4 - (r + 4)). Let l(w) = -5 + w - 2*w + w**2 + 4*w. What is l(p)?
-1
Suppose l + 20 = -4*x, 0*x + x + l + 2 = 0. Let z(m) = -m**2 - 9*m - 9. Calculate z(x).
9
Let p(u) = -2 + 1 + 2 - 5 + 2*u**2 - 2*u + u**3. Let a(x) = -8*x + 29. Let l be a(4). What is p(l)?
-7
Let b(m) = -m - 2. Let l = -8 + 14. Let g = l - 12. Determine b(g).
4
Let l be (-15)/(-20)*16/6. Suppose -3*q = l*q. Suppose q = -4*n + 2*r - 6, -2*n + r - 3*r = 18. Let t(a) = -a**2 - 6*a - 2. Give t(n).
6
Let i(z) = -z**2 + 10*z + 10. Suppose -56 = -69*y + 62*y. Give i(y).
26
Let g(q) = -11*q + 10. Let b(k) be the first derivative of -13*k**2/2 + 11*k - 46. Let h(l) = 6*b(l) - 7*g(l). Determine h(3).
-7
Let y(d) = -2*d**2 + 9*d - 8. Let u be y(4). Suppose -b = -0*b - 2. Let k(r) = -4 + 5 - b + 13*r - 14*r. Calculate k(u).
3
Suppose 22 = 5*b + 3*o, -o - 7 = 3*b - 17. Let s(a) = a**2 - 2*a**2 - 4*a**b + 6*a + 4*a**2 + 5. What is s(7)?
-2
Let x(d) = -11*d**2 + 12*d + 31. Let v(p) = 2*p**2 - p - 7. Let n(q) = 5*v(q) + x(q). Let r(a) = a + 10. Let b be r(-5). Calculate n(b).
6
Let n be (7 - 5)*25/2. Let y = n - 23. Let k(g) = -5*g**3 - 6*g**2 + 2*g + 6. Let p(u) = 4*u**3 + 5*u**2 - 2*u - 5. Let j(f) = 5*k(f) + 6*p(f). Calculate j(y).
-12
Let o(y) be the third derivative of y**6/40 - y**3/6 + 116*y**2. Give o(-1).
-4
Let g(c) = 4 + 48*c - 2 + 47*c - c**2 - 97*c. Let z(v) = v**2 + 6*v + 3. Let m be z(-6). Suppose 3*j + m = 2*j. Determine g(j).
-1
Let d(k) = 2 - 3*k + 3 - 8 + 4*k. Let p be d(7). Let h(f) = f**2 - 4*f + 4. Calculate h(p).
4
Let n(b) = -6*b - 1. Let p = 50 + -36. Suppose -3*u + g = 5*g + p, u + 5*g = -12. Determine n(u).
11
Let b(k) = -k**2 - 37*k + 313. Let p be b(-44). Let w(a) be the first derivative of a**2/2 - 12*a - 1. Calculate w(p).
-7
Let i(g) = -g**3 - 7*g**2 + 3*g + 9. Let l(a) = -a**2 - 10*a - 18. Let p be l(-7). Suppose 27 = -q + y - 5*y, -6 = 3*q - p*y. Calculate i(q).
-12
Let j(a) = -13*a + 1. Suppose -25*q - 21 + 71 = 0. Give j(q).
-25
Let z(r) = -1 - 1 + r**2 + 6 - 4*r. Let v be -1 + 4 + -15 + 15. Suppose c - 2*y = -1, v*y = -3*c - 3 + 18. What is z(c)?
1
Let h be (-510)/21 - (-2)/7. Let b be h/(-32) - 9/(-4). Let c(w) = -w + 3. Determine c(b).
0
Let h = 73 + -74. Let q(v) = -18*v**2 + v. What is q(h)?
-19
Let w(a) be the first derivative of -7*a**2/2 + a + 111. Determine w(3).
-20
Let j(v) = 8*v - 1. Suppose h + 0 = 5. Suppose 0 = -5*n + 4*a - 7, -7*a + 5*a + 11 = h*n. Determine j(n).
7
Let s(d) = d**2 + 11*d - 4. Let k be s(-11). Let b be (-5)/(-2) - 3/(-6). Let z(x) = 1 + x**b + x + 3*x**2 - 7*x**2 - 2*x**3. Determine z(k).
-3
Let a be (-44)/(-12) + (-3)/(-9). Suppose l - 20 = -a*r, -5*l - 5*r = -l - 47. Suppose 2*p + 0 = l. Let x(h) = h**2 - 5*h - 3. What is x(p)?
-7
Let p(b) be the first derivative of -3*b**2 + 3*b + 2. Let h(x) = x**3 + x**2 - x + 1. Let v be 6/(-21)*35/(-10). Let o be h(v). Calculate p(o).
-9
Let v(g) = 4*g**2 + 2*g + 3. Let r(o) = -3*o**2 - 2*o - 5. Let c(l) = 5*r(l) + 4*v(l). Give c(-3).
2
Let n(w) = 2*w - 1. Let z(p) = 2*p. Let b(i) = n(i) - 5*z(i). Calculate b(-1).
7
Let n be (-2)/12 - (-247)/114. Let m(u) = 5*u**2 + 7*u. Let v(i) = -11*i**2 - 15*i. Let t(k) = 13*m(k) + 6*v(k). Determine t(n).
-2
Suppose 5*m - 4*f - 18 - 23 = 0, 5*m - 17 = -2*f. Let s(p) be the second derivative of 0 + 0*p**2 - 5/6*p**3 - 1/3*p**4 - 2*p + 1/20*p**5. What is s(m)?
0
Let j(k) = 9*k**2 + 13*k - 3. Let h(f) = -5*f**2 - 6*f + 3. Let g(d) = -7*h(d) - 4*j(d). What is g(-6)?
15
Let j(v) be the second derivative of -v**3/6 + 11*v**2/2 + 74*v. What is j(5)?
6
Let n(m) = -4*m**2 - m**2 + 0*m + 2*m**2 + 2*m**2 + 5*m. Calculate n(6).
-6
Let f(x) = x**2 - 33*x + 61. Let t be f(2). Let q(r) be the first derivative of -2 - r - 1/3*r**3 - r**2. What is q(t)?
0
Let l(p) = 5*p**2 + 2*p - 6. Let h(i) = 2 + 0 - 43*i**2 + 41*i**2 - i. Let z(d) = 8*h(d) + 3*l(d). Let k be z(-2). Let q(g) = -g**3 - 3*g**2 - g - 2. Give q(k).
-4
Let v(c) be the second derivative of -c**5/20 - c**4/4 + c**3/2 - c**2/2 + 74*c. Suppose 5 = s + 3. What is v(s)?
-15
Let f(l) be the first derivative of -l**6/120 + l**5/20 + l**4/12 - 2*l**3/3 - 6*l**2 + 11. Let a(d) be the second derivative of f(d). Calculate a(3).
2
Let m(s) be the second derivative of -3*s**5/20 + s**4/6 + s**3 - s**2/2 - 4*s + 24. Determine m(2).
-5
Let n be (-160)/(-48)*(-1 - (-5)/2). Let g(r) = r**3 - 4*r**2 - 3*r - 14. What is g(n)?
-4
Let a(y) = 80 + y**2 + 83 - 161. Give a(-5).
27
Let x(u) = u - 6. Suppose -27 = 5*h - 4*f, 2*h - 5*f + 18 = -7*f. Determine x(h).
-13
Let p(u) = 2*u + 2. Let f(n) = -n - 1. L